{"id":11,"date":"2014-07-16T19:14:00","date_gmt":"2014-07-16T19:14:00","guid":{"rendered":"http:\/\/mmv-thal.at\/wp\/?page_id=11"},"modified":"2026-08-01T11:52:21","modified_gmt":"2026-08-01T11:52:21","slug":"musiker","status":"publish","type":"page","link":"https:\/\/mmv-thal.at\/wp\/?page_id=11","title":{"rendered":"Musiker"},"content":{"rendered":"\n\n<div class=\"wp-block-image\">\n<figure class=\"aligncenter size-full is-resized\"><img loading=\"lazy\" decoding=\"async\" width=\"2560\" height=\"2048\" src=\"https:\/\/mmv-thal.at\/wp\/wp-content\/uploads\/Kapellenmeister-scaled.jpg\" alt=\"\" class=\"wp-image-8687\" style=\"width:838px;height:auto\" srcset=\"https:\/\/mmv-thal.at\/wp\/wp-content\/uploads\/Kapellenmeister-scaled.jpg 2560w, https:\/\/mmv-thal.at\/wp\/wp-content\/uploads\/Kapellenmeister-300x240.jpg 300w, https:\/\/mmv-thal.at\/wp\/wp-content\/uploads\/Kapellenmeister-768x614.jpg 768w, https:\/\/mmv-thal.at\/wp\/wp-content\/uploads\/Kapellenmeister-1536x1229.jpg 1536w, https:\/\/mmv-thal.at\/wp\/wp-content\/uploads\/Kapellenmeister-2048x1638.jpg 2048w, https:\/\/mmv-thal.at\/wp\/wp-content\/uploads\/Kapellenmeister-624x499.jpg 624w\" sizes=\"auto, (max-width: 2560px) 100vw, 2560px\" \/><figcaption class=\"wp-element-caption\"><strong>Kapellenmeister Franz Wagner (rechts), Kapellenmeister Stv. Bettina Wagner (links)<\/strong><\/figcaption><\/figure>\n<\/div>\n\n<div class=\"wp-block-image\">\n<figure class=\"aligncenter size-full is-resized\"><img loading=\"lazy\" decoding=\"async\" width=\"2560\" height=\"1707\" src=\"https:\/\/mmv-thal.at\/wp\/wp-content\/uploads\/Musikverein-Thal-69-1-scaled.jpg\" alt=\"\" class=\"wp-image-8671\" style=\"width:840px;height:auto\" srcset=\"https:\/\/mmv-thal.at\/wp\/wp-content\/uploads\/Musikverein-Thal-69-1-scaled.jpg 2560w, https:\/\/mmv-thal.at\/wp\/wp-content\/uploads\/Musikverein-Thal-69-1-300x200.jpg 300w, https:\/\/mmv-thal.at\/wp\/wp-content\/uploads\/Musikverein-Thal-69-1-768x512.jpg 768w, https:\/\/mmv-thal.at\/wp\/wp-content\/uploads\/Musikverein-Thal-69-1-1536x1024.jpg 1536w, https:\/\/mmv-thal.at\/wp\/wp-content\/uploads\/Musikverein-Thal-69-1-2048x1366.jpg 2048w, https:\/\/mmv-thal.at\/wp\/wp-content\/uploads\/Musikverein-Thal-69-1-624x416.jpg 624w\" sizes=\"auto, (max-width: 2560px) 100vw, 2560px\" \/><figcaption class=\"wp-element-caption\"><strong>Markedenterinnen und Stabf\u00fchrer (v.l.n.r. Bettina Kattner,Karlheinz Baumgartner, Petra Dobida)<\/strong><\/figcaption><\/figure>\n<\/div>\n\n\n\n<div class=\"wp-block-image\">\n<figure class=\"aligncenter size-full is-resized\"><img loading=\"lazy\" decoding=\"async\" width=\"2560\" height=\"1707\" src=\"https:\/\/mmv-thal.at\/wp\/wp-content\/uploads\/Musikverein-Thal-75-scaled.jpg\" alt=\"\" class=\"wp-image-8672\" style=\"width:838px;height:auto\" srcset=\"https:\/\/mmv-thal.at\/wp\/wp-content\/uploads\/Musikverein-Thal-75-scaled.jpg 2560w, https:\/\/mmv-thal.at\/wp\/wp-content\/uploads\/Musikverein-Thal-75-300x200.jpg 300w, https:\/\/mmv-thal.at\/wp\/wp-content\/uploads\/Musikverein-Thal-75-768x512.jpg 768w, https:\/\/mmv-thal.at\/wp\/wp-content\/uploads\/Musikverein-Thal-75-1536x1024.jpg 1536w, https:\/\/mmv-thal.at\/wp\/wp-content\/uploads\/Musikverein-Thal-75-2048x1366.jpg 2048w, https:\/\/mmv-thal.at\/wp\/wp-content\/uploads\/Musikverein-Thal-75-624x416.jpg 624w\" sizes=\"auto, (max-width: 2560px) 100vw, 2560px\" \/><figcaption class=\"wp-element-caption\"><strong>Fl\u00f6ten (v.l.n.r. Lisa Puntigam, Viktoria Ei\u00dfl, Regina Ei\u00dfl-V\u00f6tsch, Birgit Nagl, Simone Erlacher)<\/strong><\/figcaption><\/figure>\n<\/div>\n\n\n\n<div class=\"wp-block-image\">\n<figure class=\"aligncenter size-full is-resized\"><img loading=\"lazy\" decoding=\"async\" width=\"2560\" height=\"1707\" src=\"https:\/\/mmv-thal.at\/wp\/wp-content\/uploads\/Musikverein-Thal-43-scaled.jpg\" alt=\"\" class=\"wp-image-8674\" style=\"width:840px;height:auto\" srcset=\"https:\/\/mmv-thal.at\/wp\/wp-content\/uploads\/Musikverein-Thal-43-scaled.jpg 2560w, https:\/\/mmv-thal.at\/wp\/wp-content\/uploads\/Musikverein-Thal-43-300x200.jpg 300w, https:\/\/mmv-thal.at\/wp\/wp-content\/uploads\/Musikverein-Thal-43-768x512.jpg 768w, https:\/\/mmv-thal.at\/wp\/wp-content\/uploads\/Musikverein-Thal-43-1536x1024.jpg 1536w, https:\/\/mmv-thal.at\/wp\/wp-content\/uploads\/Musikverein-Thal-43-2048x1366.jpg 2048w, https:\/\/mmv-thal.at\/wp\/wp-content\/uploads\/Musikverein-Thal-43-624x416.jpg 624w\" sizes=\"auto, (max-width: 2560px) 100vw, 2560px\" \/><figcaption class=\"wp-element-caption\"><strong>Klarinetten und Saxophon (hinten v.l.n.r. Markus H\u00f6rmann, Hannah Dreisbach, Michaela Freisinger, Melanie Ei\u00dfl; <\/strong><br><strong>vorne v.l.n.r. Selina Cioc, Verena Thaler, Julia Nagl-Gs\u00f6ls)<\/strong><\/figcaption><\/figure>\n<\/div>\n\n\n\n<div class=\"wp-block-image\">\n<figure class=\"aligncenter size-full is-resized\"><img loading=\"lazy\" decoding=\"async\" width=\"2560\" height=\"1707\" src=\"https:\/\/mmv-thal.at\/wp\/wp-content\/uploads\/Musikverein-Thal-59-scaled.jpg\" alt=\"\" class=\"wp-image-8675\" style=\"width:839px;height:auto\" srcset=\"https:\/\/mmv-thal.at\/wp\/wp-content\/uploads\/Musikverein-Thal-59-scaled.jpg 2560w, https:\/\/mmv-thal.at\/wp\/wp-content\/uploads\/Musikverein-Thal-59-300x200.jpg 300w, https:\/\/mmv-thal.at\/wp\/wp-content\/uploads\/Musikverein-Thal-59-768x512.jpg 768w, https:\/\/mmv-thal.at\/wp\/wp-content\/uploads\/Musikverein-Thal-59-1536x1024.jpg 1536w, https:\/\/mmv-thal.at\/wp\/wp-content\/uploads\/Musikverein-Thal-59-2048x1366.jpg 2048w, https:\/\/mmv-thal.at\/wp\/wp-content\/uploads\/Musikverein-Thal-59-624x416.jpg 624w\" sizes=\"auto, (max-width: 2560px) 100vw, 2560px\" \/><figcaption class=\"wp-element-caption\"><strong>Trompeten und Fl\u00fcgelh\u00f6rner (v.l.n.r. Florian Puntigam, Bernhard Baumgartner, Fritz Wagner, Bernhard Ponstingl, <\/strong><br><strong>Sophia Ponstingl, Franz Wagner, Johanna Wagner)<\/strong><\/figcaption><\/figure>\n<\/div>\n\n\n\n<div class=\"wp-block-image\">\n<figure class=\"aligncenter size-full is-resized\"><img loading=\"lazy\" decoding=\"async\" width=\"2560\" height=\"1707\" src=\"https:\/\/mmv-thal.at\/wp\/wp-content\/uploads\/Musikverein-Thal-67-1-scaled.jpg\" alt=\"\" class=\"wp-image-8676\" style=\"width:839px;height:auto\" srcset=\"https:\/\/mmv-thal.at\/wp\/wp-content\/uploads\/Musikverein-Thal-67-1-scaled.jpg 2560w, https:\/\/mmv-thal.at\/wp\/wp-content\/uploads\/Musikverein-Thal-67-1-300x200.jpg 300w, https:\/\/mmv-thal.at\/wp\/wp-content\/uploads\/Musikverein-Thal-67-1-768x512.jpg 768w, https:\/\/mmv-thal.at\/wp\/wp-content\/uploads\/Musikverein-Thal-67-1-1536x1024.jpg 1536w, https:\/\/mmv-thal.at\/wp\/wp-content\/uploads\/Musikverein-Thal-67-1-2048x1366.jpg 2048w, https:\/\/mmv-thal.at\/wp\/wp-content\/uploads\/Musikverein-Thal-67-1-624x416.jpg 624w\" sizes=\"auto, (max-width: 2560px) 100vw, 2560px\" \/><figcaption class=\"wp-element-caption\"><strong>Ten\u00f6re und H\u00f6rner (v.l.n.r. Valentin Ene, Moritz Purkt, Theresia Glawogger, Jakob Ponstingl, Bettina Wagner, Franz Gratz)<\/strong><\/figcaption><\/figure>\n<\/div>\n\n\n\n<div class=\"wp-block-image\">\n<figure class=\"aligncenter size-full is-resized\"><img loading=\"lazy\" decoding=\"async\" width=\"2560\" height=\"1707\" src=\"https:\/\/mmv-thal.at\/wp\/wp-content\/uploads\/Musikverein-Thal-50-scaled.jpg\" alt=\"\" class=\"wp-image-8677\" style=\"width:840px;height:auto\" srcset=\"https:\/\/mmv-thal.at\/wp\/wp-content\/uploads\/Musikverein-Thal-50-scaled.jpg 2560w, https:\/\/mmv-thal.at\/wp\/wp-content\/uploads\/Musikverein-Thal-50-300x200.jpg 300w, https:\/\/mmv-thal.at\/wp\/wp-content\/uploads\/Musikverein-Thal-50-768x512.jpg 768w, https:\/\/mmv-thal.at\/wp\/wp-content\/uploads\/Musikverein-Thal-50-1536x1024.jpg 1536w, https:\/\/mmv-thal.at\/wp\/wp-content\/uploads\/Musikverein-Thal-50-2048x1366.jpg 2048w, https:\/\/mmv-thal.at\/wp\/wp-content\/uploads\/Musikverein-Thal-50-624x416.jpg 624w\" sizes=\"auto, (max-width: 2560px) 100vw, 2560px\" \/><figcaption class=\"wp-element-caption\"><strong>Posaunen und Tuben (v.l.n.r. Karlheinz Baumgartner, Marco Purkt, G\u00fcnter Freisinger, Wolfgang H\u00f6ller, Karl Mandl)<\/strong><\/figcaption><\/figure>\n<\/div>\n\n\n\n<div class=\"wp-block-image\">\n<figure class=\"aligncenter size-full is-resized\"><img loading=\"lazy\" decoding=\"async\" width=\"2560\" height=\"1707\" src=\"https:\/\/mmv-thal.at\/wp\/wp-content\/uploads\/Musikverein-Thal-56-scaled.jpg\" alt=\"\" class=\"wp-image-8680\" style=\"width:841px;height:auto\" srcset=\"https:\/\/mmv-thal.at\/wp\/wp-content\/uploads\/Musikverein-Thal-56-scaled.jpg 2560w, https:\/\/mmv-thal.at\/wp\/wp-content\/uploads\/Musikverein-Thal-56-300x200.jpg 300w, https:\/\/mmv-thal.at\/wp\/wp-content\/uploads\/Musikverein-Thal-56-768x512.jpg 768w, https:\/\/mmv-thal.at\/wp\/wp-content\/uploads\/Musikverein-Thal-56-1536x1024.jpg 1536w, https:\/\/mmv-thal.at\/wp\/wp-content\/uploads\/Musikverein-Thal-56-2048x1366.jpg 2048w, https:\/\/mmv-thal.at\/wp\/wp-content\/uploads\/Musikverein-Thal-56-624x416.jpg 624w\" sizes=\"auto, (max-width: 2560px) 100vw, 2560px\" \/><figcaption class=\"wp-element-caption\"><strong>Schlagzeug (v.l.n.r. Manuel Ei\u00dfl, Christina Bachler, Wolfgang V\u00f6tsch, Manfred Nagl)<\/strong><\/figcaption><\/figure>\n<\/div>\n\n","protected":false},"excerpt":{"rendered":"","protected":false},"author":1,"featured_media":0,"parent":0,"menu_order":0,"comment_status":"closed","ping_status":"closed","template":"page-templates\/full-width.php","meta":{"ngg_post_thumbnail":0,"footnotes":""},"class_list":["post-11","page","type-page","status-publish","hentry"],"_links":{"self":[{"href":"https:\/\/mmv-thal.at\/wp\/index.php?rest_route=\/wp\/v2\/pages\/11","targetHints":{"allow":["GET"]}}],"collection":[{"href":"https:\/\/mmv-thal.at\/wp\/index.php?rest_route=\/wp\/v2\/pages"}],"about":[{"href":"https:\/\/mmv-thal.at\/wp\/index.php?rest_route=\/wp\/v2\/types\/page"}],"author":[{"embeddable":true,"href":"https:\/\/mmv-thal.at\/wp\/index.php?rest_route=\/wp\/v2\/users\/1"}],"replies":[{"embeddable":true,"href":"https:\/\/mmv-thal.at\/wp\/index.php?rest_route=%2Fwp%2Fv2%2Fcomments&post=11"}],"version-history":[{"count":131,"href":"https:\/\/mmv-thal.at\/wp\/index.php?rest_route=\/wp\/v2\/pages\/11\/revisions"}],"predecessor-version":[{"id":8693,"href":"https:\/\/mmv-thal.at\/wp\/index.php?rest_route=\/wp\/v2\/pages\/11\/revisions\/8693"}],"wp:attachment":[{"href":"https:\/\/mmv-thal.at\/wp\/index.php?rest_route=%2Fwp%2Fv2%2Fmedia&parent=11"}],"curies":[{"name":"wp","href":"https:\/\/api.w.org\/{rel}","templated":true}]}}

<div class="wp-block-image">
<figure class="aligncenter size-full is-resized"><img loading="lazy" decoding="async" width="2560" height="2048" src="https://mmv-thal.at/wp/wp-content/uploads/Kapellenmeister-scaled.jpg" alt="" class="wp-image-8687" style="width:838px;height:auto" srcset="https://mmv-thal.at/wp/wp-content/uploads/Kapellenmeister-scaled.jpg 2560w, https://mmv-thal.at/wp/wp-content/uploads/Kapellenmeister-300x240.jpg 300w, https://mmv-thal.at/wp/wp-content/uploads/Kapellenmeister-768x614.jpg 768w, https://mmv-thal.at/wp/wp-content/uploads/Kapellenmeister-1536x1229.jpg 1536w, https://mmv-thal.at/wp/wp-content/uploads/Kapellenmeister-2048x1638.jpg 2048w, https://mmv-thal.at/wp/wp-content/uploads/Kapellenmeister-624x499.jpg 624w" sizes="auto, (max-width: 2560px) 100vw, 2560px" /><figcaption class="wp-element-caption"><strong>Kapellenmeister Franz Wagner (rechts), Kapellenmeister Stv. Bettina Wagner (links)</strong></figcaption></figure>
</div>

<div class="wp-block-image">
<figure class="aligncenter size-full is-resized"><img loading="lazy" decoding="async" width="2560" height="1707" src="https://mmv-thal.at/wp/wp-content/uploads/Musikverein-Thal-69-1-scaled.jpg" alt="" class="wp-image-8671" style="width:840px;height:auto" srcset="https://mmv-thal.at/wp/wp-content/uploads/Musikverein-Thal-69-1-scaled.jpg 2560w, https://mmv-thal.at/wp/wp-content/uploads/Musikverein-Thal-69-1-300x200.jpg 300w, https://mmv-thal.at/wp/wp-content/uploads/Musikverein-Thal-69-1-768x512.jpg 768w, https://mmv-thal.at/wp/wp-content/uploads/Musikverein-Thal-69-1-1536x1024.jpg 1536w, https://mmv-thal.at/wp/wp-content/uploads/Musikverein-Thal-69-1-2048x1366.jpg 2048w, https://mmv-thal.at/wp/wp-content/uploads/Musikverein-Thal-69-1-624x416.jpg 624w" sizes="auto, (max-width: 2560px) 100vw, 2560px" /><figcaption class="wp-element-caption"><strong>Markedenterinnen und Stabführer (v.l.n.r. Bettina Kattner,Karlheinz Baumgartner, Petra Dobida)</strong></figcaption></figure>
</div>



<div class="wp-block-image">
<figure class="aligncenter size-full is-resized"><img loading="lazy" decoding="async" width="2560" height="1707" src="https://mmv-thal.at/wp/wp-content/uploads/Musikverein-Thal-75-scaled.jpg" alt="" class="wp-image-8672" style="width:838px;height:auto" srcset="https://mmv-thal.at/wp/wp-content/uploads/Musikverein-Thal-75-scaled.jpg 2560w, https://mmv-thal.at/wp/wp-content/uploads/Musikverein-Thal-75-300x200.jpg 300w, https://mmv-thal.at/wp/wp-content/uploads/Musikverein-Thal-75-768x512.jpg 768w, https://mmv-thal.at/wp/wp-content/uploads/Musikverein-Thal-75-1536x1024.jpg 1536w, https://mmv-thal.at/wp/wp-content/uploads/Musikverein-Thal-75-2048x1366.jpg 2048w, https://mmv-thal.at/wp/wp-content/uploads/Musikverein-Thal-75-624x416.jpg 624w" sizes="auto, (max-width: 2560px) 100vw, 2560px" /><figcaption class="wp-element-caption"><strong>Flöten (v.l.n.r. Lisa Puntigam, Viktoria Eißl, Regina Eißl-Vötsch, Birgit Nagl, Simone Erlacher)</strong></figcaption></figure>
</div>



<div class="wp-block-image">
<figure class="aligncenter size-full is-resized"><img loading="lazy" decoding="async" width="2560" height="1707" src="https://mmv-thal.at/wp/wp-content/uploads/Musikverein-Thal-43-scaled.jpg" alt="" class="wp-image-8674" style="width:840px;height:auto" srcset="https://mmv-thal.at/wp/wp-content/uploads/Musikverein-Thal-43-scaled.jpg 2560w, https://mmv-thal.at/wp/wp-content/uploads/Musikverein-Thal-43-300x200.jpg 300w, https://mmv-thal.at/wp/wp-content/uploads/Musikverein-Thal-43-768x512.jpg 768w, https://mmv-thal.at/wp/wp-content/uploads/Musikverein-Thal-43-1536x1024.jpg 1536w, https://mmv-thal.at/wp/wp-content/uploads/Musikverein-Thal-43-2048x1366.jpg 2048w, https://mmv-thal.at/wp/wp-content/uploads/Musikverein-Thal-43-624x416.jpg 624w" sizes="auto, (max-width: 2560px) 100vw, 2560px" /><figcaption class="wp-element-caption"><strong>Klarinetten und Saxophon (hinten v.l.n.r. Markus Hörmann, Hannah Dreisbach, Michaela Freisinger, Melanie Eißl; </strong><br><strong>vorne v.l.n.r. Selina Cioc, Verena Thaler, Julia Nagl-Gsöls)</strong></figcaption></figure>
</div>



<div class="wp-block-image">
<figure class="aligncenter size-full is-resized"><img loading="lazy" decoding="async" width="2560" height="1707" src="https://mmv-thal.at/wp/wp-content/uploads/Musikverein-Thal-59-scaled.jpg" alt="" class="wp-image-8675" style="width:839px;height:auto" srcset="https://mmv-thal.at/wp/wp-content/uploads/Musikverein-Thal-59-scaled.jpg 2560w, https://mmv-thal.at/wp/wp-content/uploads/Musikverein-Thal-59-300x200.jpg 300w, https://mmv-thal.at/wp/wp-content/uploads/Musikverein-Thal-59-768x512.jpg 768w, https://mmv-thal.at/wp/wp-content/uploads/Musikverein-Thal-59-1536x1024.jpg 1536w, https://mmv-thal.at/wp/wp-content/uploads/Musikverein-Thal-59-2048x1366.jpg 2048w, https://mmv-thal.at/wp/wp-content/uploads/Musikverein-Thal-59-624x416.jpg 624w" sizes="auto, (max-width: 2560px) 100vw, 2560px" /><figcaption class="wp-element-caption"><strong>Trompeten und Flügelhörner (v.l.n.r. Florian Puntigam, Bernhard Baumgartner, Fritz Wagner, Bernhard Ponstingl, </strong><br><strong>Sophia Ponstingl, Franz Wagner, Johanna Wagner)</strong></figcaption></figure>
</div>



<div class="wp-block-image">
<figure class="aligncenter size-full is-resized"><img loading="lazy" decoding="async" width="2560" height="1707" src="https://mmv-thal.at/wp/wp-content/uploads/Musikverein-Thal-67-1-scaled.jpg" alt="" class="wp-image-8676" style="width:839px;height:auto" srcset="https://mmv-thal.at/wp/wp-content/uploads/Musikverein-Thal-67-1-scaled.jpg 2560w, https://mmv-thal.at/wp/wp-content/uploads/Musikverein-Thal-67-1-300x200.jpg 300w, https://mmv-thal.at/wp/wp-content/uploads/Musikverein-Thal-67-1-768x512.jpg 768w, https://mmv-thal.at/wp/wp-content/uploads/Musikverein-Thal-67-1-1536x1024.jpg 1536w, https://mmv-thal.at/wp/wp-content/uploads/Musikverein-Thal-67-1-2048x1366.jpg 2048w, https://mmv-thal.at/wp/wp-content/uploads/Musikverein-Thal-67-1-624x416.jpg 624w" sizes="auto, (max-width: 2560px) 100vw, 2560px" /><figcaption class="wp-element-caption"><strong>Tenöre und Hörner (v.l.n.r. Valentin Ene, Moritz Purkt, Theresia Glawogger, Jakob Ponstingl, Bettina Wagner, Franz Gratz)</strong></figcaption></figure>
</div>



<div class="wp-block-image">
<figure class="aligncenter size-full is-resized"><img loading="lazy" decoding="async" width="2560" height="1707" src="https://mmv-thal.at/wp/wp-content/uploads/Musikverein-Thal-50-scaled.jpg" alt="" class="wp-image-8677" style="width:840px;height:auto" srcset="https://mmv-thal.at/wp/wp-content/uploads/Musikverein-Thal-50-scaled.jpg 2560w, https://mmv-thal.at/wp/wp-content/uploads/Musikverein-Thal-50-300x200.jpg 300w, https://mmv-thal.at/wp/wp-content/uploads/Musikverein-Thal-50-768x512.jpg 768w, https://mmv-thal.at/wp/wp-content/uploads/Musikverein-Thal-50-1536x1024.jpg 1536w, https://mmv-thal.at/wp/wp-content/uploads/Musikverein-Thal-50-2048x1366.jpg 2048w, https://mmv-thal.at/wp/wp-content/uploads/Musikverein-Thal-50-624x416.jpg 624w" sizes="auto, (max-width: 2560px) 100vw, 2560px" /><figcaption class="wp-element-caption"><strong>Posaunen und Tuben (v.l.n.r. Karlheinz Baumgartner, Marco Purkt, Günter Freisinger, Wolfgang Höller, Karl Mandl)</strong></figcaption></figure>
</div>



<div class="wp-block-image">
<figure class="aligncenter size-full is-resized"><img loading="lazy" decoding="async" width="2560" height="1707" src="https://mmv-thal.at/wp/wp-content/uploads/Musikverein-Thal-56-scaled.jpg" alt="" class="wp-image-8680" style="width:841px;height:auto" srcset="https://mmv-thal.at/wp/wp-content/uploads/Musikverein-Thal-56-scaled.jpg 2560w, https://mmv-thal.at/wp/wp-content/uploads/Musikverein-Thal-56-300x200.jpg 300w, https://mmv-thal.at/wp/wp-content/uploads/Musikverein-Thal-56-768x512.jpg 768w, https://mmv-thal.at/wp/wp-content/uploads/Musikverein-Thal-56-1536x1024.jpg 1536w, https://mmv-thal.at/wp/wp-content/uploads/Musikverein-Thal-56-2048x1366.jpg 2048w, https://mmv-thal.at/wp/wp-content/uploads/Musikverein-Thal-56-624x416.jpg 624w" sizes="auto, (max-width: 2560px) 100vw, 2560px" /><figcaption class="wp-element-caption"><strong>Schlagzeug (v.l.n.r. Manuel Eißl, Christina Bachler, Wolfgang Vötsch, Manfred Nagl)</strong></figcaption></figure>
</div>
