{"id":23,"date":"2014-07-16T19:15:25","date_gmt":"2014-07-16T19:15:25","guid":{"rendered":"http:\/\/mmv-thal.at\/wp\/?page_id=23"},"modified":"2022-02-08T08:52:59","modified_gmt":"2022-02-08T08:52:59","slug":"impressum","status":"publish","type":"page","link":"https:\/\/mmv-thal.at\/wp\/?page_id=23","title":{"rendered":"Impressum"},"content":{"rendered":"<p><strong>Marktmusikverein Thal<\/strong><br \/>\n<strong>Adresse:<\/strong> 8051 Thal, Am Waldrand 5, \u00d6sterreich<br \/>\n<strong>ZVR:<\/strong> 789725459<br \/>\n<strong>Telefon:<\/strong> +43 664 24 99 110<br \/>\n<strong>E-mail:<\/strong> <a href=\"mailto:wolfgang.voetsch@aon.at\" target=\"_blank\" rel=\"noopener noreferrer\">office@mmv-thal.at<\/a><\/p>\n<p><strong>Obmann:<\/strong> Manfred Wagner<br \/>\n<strong>Schriftf\u00fchrer:<\/strong> Regina Ei\u00dfl-V\u00f6tsch<br \/>\n<strong>Kassier:<\/strong> Petra Dobida<\/p>\n<p><strong>Gerichtsstand:<\/strong> Graz | \u00d6sterreich<\/p>\n<p><strong>Online-Streitbeilegung:<\/strong> Plattform der EU-Kommission <a href=\"http:\/\/ec.europa.eu\/consumers\/odr\" target=\"_blank\" rel=\"noopener noreferrer\">http:\/\/ec.europa.eu\/consumers\/odr<\/a><\/p>\n<p><strong>Bild- und Fotonachweis:<\/strong><br \/>\na.) Eigenes Bild- und Fotomaterial vom Marktmusikverein Thal.<br \/>\nb.) Die Fotos unter der <a href=\"https:\/\/mmv-thal.at\/wp\/?page_id=13\">Galerie<\/a> auf dieser Website wurden w\u00e4hrend den Veranstaltungen, von Fotografen des Marktmusikvereins Thal aufegenommen. Die an der Veranstaltung teilnehmenden Personen, wurden zu Beginn der Veranstaltung auf das Fotografieren hingewiesen und haben mit der Teilnahme an der Veranstaltung ihr Einverst\u00e4ndnis dazu gegeben, dass die Fotos auf unserer Website gespeichert werden d\u00fcrfen und \u00f6ffentlich einsehbar sind. Sollte dennoch eine Person w\u00fcnschen, dass ein Foto gel\u00f6scht werden soll, senden Sie uns bitte einfach eine E-mail an office@mmv-thal.at mit genauer Angabe welches Foto in welcher Veranstaltung gel\u00f6scht werden soll und wir werden das oder die Fotos, so rasch als m\u00f6glich aus der Galerie entfernen.<\/p>\n<hr \/>\n<p><strong>1. Inhalt des Onlineangebotes<\/strong><\/p>\n<p><strong>a.)<\/strong> Der Autor \u00fcbernimmt keinerlei Gew\u00e4hr f\u00fcr die Aktualit\u00e4t, Korrektheit, Vollst\u00e4ndigkeit oder Qualit\u00e4t der bereitgestellten Informationen. Haftungsanspr\u00fcche gegen den Autor, welche sich auf Sch\u00e4den materieller oder ideeller Art beziehen, die durch die Nutzung oder Nichtnutzung der dargebotenen Informationen bzw. durch die Nutzung fehlerhafter und unvollst\u00e4ndiger Informationen verursacht wurden, sind grunds\u00e4tzlich ausgeschlossen, sofern seitens des Autors kein nachweislich vors\u00e4tzliches oder grob fahrl\u00e4ssiges Verschulden vorliegt. Alle Angebote sind freibleibend und unverbindlich. Der Autor beh\u00e4lt es sich ausdr\u00fccklich vor, Teile der Seiten oder das gesamte Angebot ohne gesonderte Ank\u00fcndigung zu ver\u00e4ndern, zu erg\u00e4nzen, zu l\u00f6schen oder die Ver\u00f6ffentlichung zeitweise oder endg\u00fcltig einzustellen.<\/p>\n<hr \/>\n<p><strong>2. Verweise und Links<\/strong><\/p>\n<p>Bei direkten oder indirekten Verweisen auf fremde Webseiten (&#8222;Hyperlinks&#8220;), die au\u00dferhalb des Verantwortungsbereiches des Autors liegen, w\u00fcrde eine Haftungsverpflichtung ausschlie\u00dflich in dem Fall in Kraft treten, in dem der Autor von den Inhalten Kenntnis hat und es ihm technisch m\u00f6glich und zumutbar w\u00e4re, die Nutzung im Falle rechtswidriger Inhalte zu verhindern. Der Autor erkl\u00e4rt hiermit ausdr\u00fccklich, dass zum Zeitpunkt der Linksetzung keine illegalen Inhalte auf den zu verlinkenden Seiten erkennbar waren. Auf die aktuelle und zuk\u00fcnftige Gestaltung, die Inhalte oder die Urheberschaft der verlinkten\/verkn\u00fcpften Seiten hat der Autor keinerlei Einfluss. Deshalb distanziert er sich hiermit ausdr\u00fccklich von allen Inhalten aller verlinkten \/verkn\u00fcpften Seiten, die nach der Linksetzung ver\u00e4ndert wurden. Diese Feststellung gilt f\u00fcr alle innerhalb des eigenen Internetangebotes gesetzten Links und Verweise sowie f\u00fcr Fremdeintr\u00e4ge in vom Autor eingerichteten G\u00e4steb\u00fcchern, Diskussionsforen, Linkverzeichnissen, Mailinglisten und in allen anderen Formen von Datenbanken, auf deren Inhalt externe Schreibzugriffe m\u00f6glich sind. F\u00fcr illegale, fehlerhafte oder unvollst\u00e4ndige Inhalte und insbesondere f\u00fcr Sch\u00e4den, die aus der Nutzung oder Nichtnutzung solcherart dargebotener Informationen entstehen, haftet allein der Anbieter der Seite, auf welche verwiesen wurde, nicht derjenige, der \u00fcber Links auf die jeweilige Ver\u00f6ffentlichung lediglich verweist.<\/p>\n<hr \/>\n<p><strong>3. Urheber- und Kennzeichenrecht<\/strong><\/p>\n<p>Der Autor ist bestrebt, in allen Publikationen die Urheberrechte der verwendeten Bilder, Grafiken, Tondokumente, Videosequenzen und Texte zu beachten, von ihm selbst erstellte Bilder, Grafiken, Tondokumente, Videosequenzen und Texte zu nutzen oder auf lizenzfreie Grafiken, Tondokumente, Videosequenzen und Texte zur\u00fcckzugreifen. Alle innerhalb des Internetangebotes genannten und ggf. durch Dritte gesch\u00fctzten Marken- und Warenzeichen unterliegen uneingeschr\u00e4nkt den Bestimmungen des jeweils g\u00fcltigen Kennzeichenrechts und den Besitzrechten der jeweiligen eingetragenen Eigent\u00fcmer. Allein aufgrund der blo\u00dfen Nennung ist nicht der Schluss zu ziehen, dass Markenzeichen nicht durch Rechte Dritter gesch\u00fctzt sind! Das Copyright f\u00fcr ver\u00f6ffentlichte, vom Autor selbst erstellte Objekte bleibt allein beim Autor der Seiten. Eine Vervielf\u00e4ltigung oder Verwendung solcher Grafiken, Tondokumente, Videosequenzen und Texte in anderen elektronischen oder gedruckten Publikationen ist ohne ausdr\u00fcckliche Zustimmung des Autors nicht gestattet.<\/p>\n<hr \/>\n<p><strong>4. Datenschutz<\/strong><\/p>\n<p>Sofern innerhalb des Internetangebotes die M\u00f6glichkeit zur Eingabe pers\u00f6nlicher oder gesch\u00e4ftlicher Daten (Emailadressen, Namen, Anschriften) besteht, so erfolgt die Preisgabe dieser Daten seitens des Nutzers auf ausdr\u00fccklich freiwilliger Basis. Mehr Details zum Datenschutz auf dieser Website <a href=\"https:\/\/mmv-thal.at\/wp\/?page_id=8420\">finden Sie hier.<\/a><\/p>\n<p>Die Nutzung der im Rahmen des Impressums oder vergleichbarer Angaben ver\u00f6ffentlichten Kontaktdaten wie Postanschriften, Telefon- und Faxnummern sowie Emailadressen durch Dritte zur \u00dcbersendung von nicht ausdr\u00fccklich angeforderten Informationen ist nicht gestattet. Rechtliche Schritte gegen die Versender von so genannten Spam-Mails bei Verst\u00f6ssen gegen dieses Verbot sind ausdr\u00fccklich vorbehalten.<\/p>\n<hr \/>\n<p><strong>5. Rechtswirksamkeit dieses Haftungsausschlusses<\/strong><\/p>\n<p>Dieser Haftungsausschluss ist als Teil des Internetangebotes zu betrachten, von dem aus auf diese Seite verwiesen wurde. Sofern Teile oder einzelne Formulierungen dieses Textes der geltenden Rechtslage nicht, nicht mehr oder nicht vollst\u00e4ndig entsprechen sollten, bleiben die \u00fcbrigen Teile des Dokumentes in ihrem Inhalt und ihrer G\u00fcltigkeit davon unber\u00fchrt.<\/p>\n<hr \/>\n<p>Gez. Vereinsvorstand<\/p>\n","protected":false},"excerpt":{"rendered":"<p>Marktmusikverein Thal Adresse: 8051 Thal, Am Waldrand 5, \u00d6sterreich ZVR: 789725459 Telefon: +43 664 24 99 110 E-mail: office@mmv-thal.at Obmann: Manfred Wagner Schriftf\u00fchrer: Regina Ei\u00dfl-V\u00f6tsch Kassier: Petra Dobida Gerichtsstand: Graz | \u00d6sterreich Online-Streitbeilegung: Plattform der EU-Kommission http:\/\/ec.europa.eu\/consumers\/odr Bild- und Fotonachweis: a.) Eigenes Bild- und Fotomaterial vom Marktmusikverein Thal. b.) Die Fotos unter der Galerie auf [&hellip;]<\/p>\n","protected":false},"author":1,"featured_media":0,"parent":0,"menu_order":0,"comment_status":"closed","ping_status":"closed","template":"","meta":{"ngg_post_thumbnail":0,"footnotes":""},"_links":{"self":[{"href":"https:\/\/mmv-thal.at\/wp\/index.php?rest_route=\/wp\/v2\/pages\/23"}],"collection":[{"href":"https:\/\/mmv-thal.at\/wp\/index.php?rest_route=\/wp\/v2\/pages"}],"about":[{"href":"https:\/\/mmv-thal.at\/wp\/index.php?rest_route=\/wp\/v2\/types\/page"}],"author":[{"embeddable":true,"href":"https:\/\/mmv-thal.at\/wp\/index.php?rest_route=\/wp\/v2\/users\/1"}],"replies":[{"embeddable":true,"href":"https:\/\/mmv-thal.at\/wp\/index.php?rest_route=%2Fwp%2Fv2%2Fcomments&post=23"}],"version-history":[{"count":10,"href":"https:\/\/mmv-thal.at\/wp\/index.php?rest_route=\/wp\/v2\/pages\/23\/revisions"}],"predecessor-version":[{"id":8585,"href":"https:\/\/mmv-thal.at\/wp\/index.php?rest_route=\/wp\/v2\/pages\/23\/revisions\/8585"}],"wp:attachment":[{"href":"https:\/\/mmv-thal.at\/wp\/index.php?rest_route=%2Fwp%2Fv2%2Fmedia&parent=23"}],"curies":[{"name":"wp","href":"https:\/\/api.w.org\/{rel}","templated":true}]}}

<p><strong>Marktmusikverein Thal</strong><br />
<strong>Adresse:</strong> 8051 Thal, Am Waldrand 5, Österreich<br />
<strong>ZVR:</strong> 789725459<br />
<strong>Telefon:</strong> +43 664 24 99 110<br />
<strong>E-mail:</strong> <a href="mailto:wolfgang.voetsch@aon.at" target="_blank" rel="noopener noreferrer">office@mmv-thal.at</a></p>
<p><strong>Obmann:</strong> Manfred Wagner<br />
<strong>Schriftführer:</strong> Regina Eißl-Vötsch<br />
<strong>Kassier:</strong> Petra Dobida</p>
<p><strong>Gerichtsstand:</strong> Graz | Österreich</p>
<p><strong>Online-Streitbeilegung:</strong> Plattform der EU-Kommission <a href="http://ec.europa.eu/consumers/odr" target="_blank" rel="noopener noreferrer">http://ec.europa.eu/consumers/odr</a></p>
<p><strong>Bild- und Fotonachweis:</strong><br />
a.) Eigenes Bild- und Fotomaterial vom Marktmusikverein Thal.<br />
b.) Die Fotos unter der <a href="https://mmv-thal.at/wp/?page_id=13">Galerie</a> auf dieser Website wurden während den Veranstaltungen, von Fotografen des Marktmusikvereins Thal aufegenommen. Die an der Veranstaltung teilnehmenden Personen, wurden zu Beginn der Veranstaltung auf das Fotografieren hingewiesen und haben mit der Teilnahme an der Veranstaltung ihr Einverständnis dazu gegeben, dass die Fotos auf unserer Website gespeichert werden dürfen und öffentlich einsehbar sind. Sollte dennoch eine Person wünschen, dass ein Foto gelöscht werden soll, senden Sie uns bitte einfach eine E-mail an office@mmv-thal.at mit genauer Angabe welches Foto in welcher Veranstaltung gelöscht werden soll und wir werden das oder die Fotos, so rasch als möglich aus der Galerie entfernen.</p>
<hr />
<p><strong>1. Inhalt des Onlineangebotes</strong></p>
<p><strong>a.)</strong> Der Autor übernimmt keinerlei Gewähr für die Aktualität, Korrektheit, Vollständigkeit oder Qualität der bereitgestellten Informationen. Haftungsansprüche gegen den Autor, welche sich auf Schäden materieller oder ideeller Art beziehen, die durch die Nutzung oder Nichtnutzung der dargebotenen Informationen bzw. durch die Nutzung fehlerhafter und unvollständiger Informationen verursacht wurden, sind grundsätzlich ausgeschlossen, sofern seitens des Autors kein nachweislich vorsätzliches oder grob fahrlässiges Verschulden vorliegt. Alle Angebote sind freibleibend und unverbindlich. Der Autor behält es sich ausdrücklich vor, Teile der Seiten oder das gesamte Angebot ohne gesonderte Ankündigung zu verändern, zu ergänzen, zu löschen oder die Veröffentlichung zeitweise oder endgültig einzustellen.</p>
<hr />
<p><strong>2. Verweise und Links</strong></p>
<p>Bei direkten oder indirekten Verweisen auf fremde Webseiten (&#8222;Hyperlinks&#8220;), die außerhalb des Verantwortungsbereiches des Autors liegen, würde eine Haftungsverpflichtung ausschließlich in dem Fall in Kraft treten, in dem der Autor von den Inhalten Kenntnis hat und es ihm technisch möglich und zumutbar wäre, die Nutzung im Falle rechtswidriger Inhalte zu verhindern. Der Autor erklärt hiermit ausdrücklich, dass zum Zeitpunkt der Linksetzung keine illegalen Inhalte auf den zu verlinkenden Seiten erkennbar waren. Auf die aktuelle und zukünftige Gestaltung, die Inhalte oder die Urheberschaft der verlinkten/verknüpften Seiten hat der Autor keinerlei Einfluss. Deshalb distanziert er sich hiermit ausdrücklich von allen Inhalten aller verlinkten /verknüpften Seiten, die nach der Linksetzung verändert wurden. Diese Feststellung gilt für alle innerhalb des eigenen Internetangebotes gesetzten Links und Verweise sowie für Fremdeinträge in vom Autor eingerichteten Gästebüchern, Diskussionsforen, Linkverzeichnissen, Mailinglisten und in allen anderen Formen von Datenbanken, auf deren Inhalt externe Schreibzugriffe möglich sind. Für illegale, fehlerhafte oder unvollständige Inhalte und insbesondere für Schäden, die aus der Nutzung oder Nichtnutzung solcherart dargebotener Informationen entstehen, haftet allein der Anbieter der Seite, auf welche verwiesen wurde, nicht derjenige, der über Links auf die jeweilige Veröffentlichung lediglich verweist.</p>
<hr />
<p><strong>3. Urheber- und Kennzeichenrecht</strong></p>
<p>Der Autor ist bestrebt, in allen Publikationen die Urheberrechte der verwendeten Bilder, Grafiken, Tondokumente, Videosequenzen und Texte zu beachten, von ihm selbst erstellte Bilder, Grafiken, Tondokumente, Videosequenzen und Texte zu nutzen oder auf lizenzfreie Grafiken, Tondokumente, Videosequenzen und Texte zurückzugreifen. Alle innerhalb des Internetangebotes genannten und ggf. durch Dritte geschützten Marken- und Warenzeichen unterliegen uneingeschränkt den Bestimmungen des jeweils gültigen Kennzeichenrechts und den Besitzrechten der jeweiligen eingetragenen Eigentümer. Allein aufgrund der bloßen Nennung ist nicht der Schluss zu ziehen, dass Markenzeichen nicht durch Rechte Dritter geschützt sind! Das Copyright für veröffentlichte, vom Autor selbst erstellte Objekte bleibt allein beim Autor der Seiten. Eine Vervielfältigung oder Verwendung solcher Grafiken, Tondokumente, Videosequenzen und Texte in anderen elektronischen oder gedruckten Publikationen ist ohne ausdrückliche Zustimmung des Autors nicht gestattet.</p>
<hr />
<p><strong>4. Datenschutz</strong></p>
<p>Sofern innerhalb des Internetangebotes die Möglichkeit zur Eingabe persönlicher oder geschäftlicher Daten (Emailadressen, Namen, Anschriften) besteht, so erfolgt die Preisgabe dieser Daten seitens des Nutzers auf ausdrücklich freiwilliger Basis. Mehr Details zum Datenschutz auf dieser Website <a href="https://mmv-thal.at/wp/?page_id=8420">finden Sie hier.</a></p>
<p>Die Nutzung der im Rahmen des Impressums oder vergleichbarer Angaben veröffentlichten Kontaktdaten wie Postanschriften, Telefon- und Faxnummern sowie Emailadressen durch Dritte zur Übersendung von nicht ausdrücklich angeforderten Informationen ist nicht gestattet. Rechtliche Schritte gegen die Versender von so genannten Spam-Mails bei Verstössen gegen dieses Verbot sind ausdrücklich vorbehalten.</p>
<hr />
<p><strong>5. Rechtswirksamkeit dieses Haftungsausschlusses</strong></p>
<p>Dieser Haftungsausschluss ist als Teil des Internetangebotes zu betrachten, von dem aus auf diese Seite verwiesen wurde. Sofern Teile oder einzelne Formulierungen dieses Textes der geltenden Rechtslage nicht, nicht mehr oder nicht vollständig entsprechen sollten, bleiben die übrigen Teile des Dokumentes in ihrem Inhalt und ihrer Gültigkeit davon unberührt.</p>
<hr />
<p>Gez. Vereinsvorstand</p>

<p>Marktmusikverein Thal Adresse: 8051 Thal, Am Waldrand 5, Österreich ZVR: 789725459 Telefon: +43 664 24 99 110 E-mail: office@mmv-thal.at Obmann: Manfred Wagner Schriftführer: Regina Eißl-Vötsch Kassier: Petra Dobida Gerichtsstand: Graz | Österreich Online-Streitbeilegung: Plattform der EU-Kommission http://ec.europa.eu/consumers/odr Bild- und Fotonachweis: a.) Eigenes Bild- und Fotomaterial vom Marktmusikverein Thal. b.) Die Fotos unter der Galerie auf [&hellip;]</p>
